Let n(d) = -1462*d - 23286. Give n(-16).
106
Let b(x) = 21*x**2 - 321*x + 94. Calculate b(15).
4
Let u(b) = b**2 - 59*b - 5606. Give u(-51).
4
Let r(u) = -96*u - 324. Calculate r(7).
-996
Let t(o) = o**2 + 99*o + 2334. What is t(-60)?
-6
Let y(f) = f**3 + 28*f**2 - 154*f - 4878. What is y(-27)?
9
Let c(p) = p**2 + 10*p - 43. Determine c(-13).
-4
Let a(h) = 2*h**2 - 1709*h - 15532. Calculate a(-9).
11
Let w(q) = -q**2 + 16*q + 178. Calculate w(-10).
-82
Let j(k) = -101*k + 5546. Calculate j(55).
-9
Let o(w) = 3*w**2 + 270*w + 259. Determine o(-89).
-8
Let u(t) = t**3 - 193*t**2 - 42*t + 8081. Calculate u(193).
-25
Let y(o) = o**3 - 8*o**2 - 356*o + 2884. Calculate y(8).
36
Let c(g) = 18*g**2 + 169*g + 57. Determine c(-9).
-6
Let b(y) = -37*y**2 - 10*y - 18. Determine b(-3).
-321
Let x(t) = 22*t - 1336. Determine x(61).
6
Let g(o) = 32*o**2 - 3*o + 7. What is g(2)?
129
Let r(l) = -136*l - 2671. What is r(-19)?
-87
Let y(w) = 54*w + 756. Determine y(-14).
0
Let y(t) = -36*t**2 - 6949*t - 162. Calculate y(-193).
31
Let c(d) = 23*d - 11. Calculate c(-2).
-57
Let x(u) = 22*u**2 - 1279*u + 2556. Calculate x(2).
86
Let n(q) = -q**2 - 5*q + 12. Determine n(-9).
-24
Let f(h) = h**3 - 77*h**2 + 417*h + 506. What is f(7)?
-5
Let j(d) = -5*d**2 - 84*d + 20. Give j(-14).
216
Let k(d) = -31983*d + 223857. Calculate k(7).
-24
Let i(t) = 808*t + 5659. Determine i(-7).
3
Let h(y) = -y**3 + 16*y**2 - 27*y - 31. Calculate h(14).
-17
Let w(q) = q**3 + 10*q**2 + 6*q + 3. Determine w(-4).
75
Let v(g) = -2*g**3 + g**2 - g - 6. Calculate v(-2).
16
Let r(i) = i**3 - 7*i**2 + 17*i - 23. What is r(4)?
-3
Let u(k) = k**3 - 5*k**2 - 57*k + 24. Give u(10).
-46
Let k(z) = z**2 + 137*z + 1311. Determine k(-127).
41
Let h(o) = -o**3 + 17*o**2 - o + 14. Determine h(17).
-3
Let c(q) = 14*q + 47. Calculate c(-3).
5
Let s(m) = -4*m + 8. What is s(0)?
8
Let j(s) = 35*s - 110. Give j(0).
-110
Let i(u) = -u**2 + 142*u - 1199. What is i(9)?
-2
Let g(u) = -20*u + 224. Give g(10).
24
Let d(r) = 149*r + 47533. Determine d(-319).
2
Let f(u) = -464*u - 2322. Calculate f(-5).
-2
Let m(z) = -57*z + 197. What is m(4)?
-31
Let t(d) = -2*d**3 + 3*d**2 + 13*d - 22. Determine t(2).
0
Let u(p) = 113*p + 677. Determine u(-6).
-1
Let t(y) = -y**3 + 13*y**2 + 7*y + 51. Determine t(14).
-47
Let a(r) = 821*r + 164193. Calculate a(-200).
-7
Let v(y) = 36*y - 12. Calculate v(4).
132
Let b(q) = 2*q**3 + 6*q**2 + 8*q + 34. Give b(-4).
-30
Let j(o) = -3*o**2 - 9*o + 4446. Calculate j(37).
6
Let c(o) = -o**3 + 51*o**2 - 30*o - 1005. Give c(50).
-5
Let j(i) = -i**3 + 4*i**2 + 135*i + 69. Determine j(14).
-1
Let m(v) = v**3 + 5*v**2 + 33*v + 159. What is m(-5)?
-6
Let g(u) = -213*u**2 - 18*u - 44. Determine g(-2).
-860
Let l(x) = 241*x - 241. Determine l(1).
0
Let k(h) = -105*h**2 - 1. Calculate k(1).
-106
Let r(h) = h**3 + 13*h**2 + 13*h - 57. Calculate r(-11).
42
Let n(u) = 12*u + 107. Determine n(22).
371
Let j(h) = -360*h + 2903. Determine j(8).
23
Let j(o) = -100*o - 1187. Give j(-12).
13
Let q(a) = a**3 - 48*a**2 - 2*a + 59. Give q(48).
-37
Let b(z) = 585*z - 15763. Calculate b(27).
32
Let d(n) = -2*n**2 - 173*n - 3316. What is d(-31)?
125
Let w(g) = -26*g**2 - 3*g + 31. Determine w(-4).
-373
Let j(d) = -29*d - 202. Determine j(12).
-550
Let n(i) = -10*i**2 + 340*i - 107. Calculate n(34).
-107
Let i(g) = 535*g - 6954. Calculate i(13).
1
Let w(v) = -63*v + 150. Determine w(5).
-165
Let c(y) = -181*y + 2180. Calculate c(12).
8
Let q(l) = 44*l - 92. Calculate q(2).
-4
Let y(g) = -5*g - 18. Give y(-21).
87
Let c(o) = -o**3 - 3*o**2 + 185*o + 86. Give c(-15).
11
Let t(s) = 4*s**3 + 6*s**2 - 2*s + 50. Calculate t(-7).
-1014
Let o(d) = 2*d**2 - 112*d - 3646. What is o(79)?
-12
Let h(n) = 1744*n + 1748. What is h(-1)?
4
Let q(r) = -1134*r - 9062. Give q(-8).
10
Let z(x) = -4*x**3 - 29*x**2 - 9*x - 25. Calculate z(-7).
-11
Let k(c) = 54*c - 204. What is k(3)?
-42
Let q(f) = -5*f**2 + 38*f + 183. Determine q(11).
-4
Let m(n) = -n**3 - 7*n**2 + 10. What is m(-7)?
10
Let j(p) = -3*p + 17. Calculate j(-18).
71
Let i(d) = 2*d**3 + 33*d**2 - 14*d - 213. Determine i(-16).
267
Let s(h) = -h**3 + 19*h**2 + 59*h - 1350. Calculate s(18).
36
Let k(l) = -39*l**3 - 11*l**2 - 12*l - 1. Calculate k(-1).
39
Let a(w) = -w**2 - 55*w - 87. Determine a(-54).
-33
Let f(x) = -3733*x - 123182. What is f(-33)?
7
Let o(a) = -a**3 - 50*a**2 - 148*a - 321. Calculate o(-47).
8
Let g(z) = -3*z**2 - 101*z - 615. Calculate g(-26).
-17
Let a(p) = 67*p + 73. What is a(-5)?
-262
Let r(c) = 3*c**2 - 130*c - 1416. What is r(-9)?
-3
Let o(c) = -124*c + 7096. What is o(57)?
28
Let j(n) = -241*n - 8429. Calculate j(-35).
6
Let x(u) = -u**2 - 481*u - 2756. Give x(-6).
94
Let h(f) = 3*f**3 + 8*f**2 - 89*f - 32. Give h(6).
370
Let m(n) = -n**3 - 38*n**2 + 1320*n + 37. What is m(-60)?
37
Let v(l) = -l**2 + 194*l + 991. What is v(-5)?
-4
Let s(u) = u**3 + 13*u**2 + 5*u + 12. Give s(-12).
96
Let g(s) = 18*s - 164. Give g(10).
16
Let b(i) = 567*i - 120198. Calculate b(212).
6
Let c(d) = -41*d - 48. Give c(3).
-171
Let f(b) = b**3 + 60*b**2 - 60*b + 130. Determine f(-61).
69
Let y(o) = 2*o**3 - 24*o**2 - o - 10. What is y(12)?
-22
Let u(b) = b**2 - 73*b + 118. What is u(72)?
46
Let p(y) = -140*y**2 + 10640*y - 60. Give p(76).
-60
Let z(a) = 2*a**3 - 97*a**2 - 93*a + 2150. Give z(49).
-6
Let j(h) = 6*h**3 - 254*h**2 - 170*h - 80. Determine j(43).
6
Let a(r) = -r**3 + 6*r**2 - 9*r + 4. Calculate a(5).
-16
Let d(u) = 5*u + 110. Calculate d(-12).
50
Let d(h) = -230*h - 3598. Calculate d(-15).
-148
Let v(w) = -6*w**3 - 80*w**2 - 11*w + 208. Calculate v(-13).
13
Let b(j) = 34*j - 370. Calculate b(10).
-30
Let s(i) = i**3 + 3*i**2 - 42*i + 3. Give s(5).
-7
Let c(i) = -i**3 + 5*i**2 + 51*i - 247. Calculate c(5).
8
Let o(a) = -a**2 + 422*a + 3000. What is o(-7)?
-3
Let u(g) = -2*g**3 - 35*g**2 - 5*g + 107. Give u(-18).
521
Let m(g) = 5*g**2 - 206*g + 1832. Calculate m(13).
-1
Let d(b) = -b**3 - 51*b**2 + b - 28. What is d(-51)?
-79
Let q(y) = 1321*y + 6603. Determine q(-5).
-2
Let i(n) = -23*n**2 - 37*n - 187. Give i(-5).
-577
Let u(x) = -66*x - 301. Calculate u(-5).
29
Let n(f) = f**3 + 8*f**2 + 11*f + 20. What is n(-7)?
-8
Let w(z) = 594*z + 48126. Determine w(-81).
12
Let d(s) = -90*s**3 - 101*s**2 + 101*s - 1. Give d(1).
-91
Let v(l) = l**3 - 6*l**2 + 10*l + 50. Determine v(-6).
-442
Let g(y) = -y**3 + 38*y**2 + 314*y + 55. Determine g(45).
10
Let n(t) = -3*t**2 - 2*t + 55. Determine n(-8).
-121
Let o(y) = 22*y**2 - 144*y + 147. Determine o(5).
-23
Let b(c) = c**2 - 10*c - 1351. Give b(42).
-7
Let q(j) = j**2 - 418*j - 2548. Give q(-6).
-4
Let f(w) = -3*w**2 - 41*w - 238. Give f(-8).
-102
Let d(x) = -54*x - 5487. Give d(-103).
75
Let o(n) = -n**3 - 13*n**2 + 13*n + 7. Give o(-14).
21
Let g(u) = -4*u**2 + 7*u + 63. What is g(5)?
-2
Let k(z) = z**3 + 25*z**2 + 15*z - 1440. Determine k(-21).
9
Let y(c) = -22*c - 2960. Calculate y(-134).
-12
Let a(h) = -97*h - 2830. Give a(-29).
-17
Let m(n) = -3*n**3 + 98*n**2 - 245*n + 190. What is m(30)?
40
Let s(o) = -o**3 - 158*o**2 + 1162*o - 30. Give s(7).
19
Let d(n) = -8801*n + 52828. Give d(6).
22
Let z(j) = -336*j + 1004. Calculate z(3).
-4
Let x(j) = -42*j - 1015. Determine x(-24).
-7
Let b(x) = -x**3 + 109*x**2 - 123*x + 1337. Calculate b(108).
-283
Let d(p) = -p**3 + 7*p**2 + 20*p - 136. Give d(7).
4
Let u(n) = -503*n - 13073. Give u(-26).
5
Let q(v) = 25*v**2 - 1027*v + 111. Calculate q(41).
29
Let y(k) = k**3 + 13*k**2 - 80*k - 26. Calculate y(5).
24
Let j(y) = y + 159. What is j(-15)?
144
Let u(d) = d**2 + 8*d - 55. Give u(9).
98
Let a(u) = u**2 + 85*u + 15. What is a(0)?
15
Let d(x) = -3*x**3 - 3*x**2 + 22*x - 3. Calculate d(-5).
187
Let s(g) = -g**3 + 44*g**2 + 36*g + 431. Calculate s(45).
26
Let l(w) = w**3 + 4*w**2 - 10*w - 30. What is l(-5)?
-5
Let a(k) = 14*k + 1525. Calculate a(-116).
-99
Let l(c) = -c**3 + 3*c**2 + 211*c + 9. Determine l(16).
57
Let d(k) = -k**2 - 69*k + 1537. Determine d(18).
-29
Let j(h) = 14*h**2 + 5*h + 13. Give j(5).
388
Let k(s) = -172*s + 11. Calculate k(0).
11
Let t(z) = -2*z**2 + 50*z - 290. Give t(15).
10
Let m(v) = -v**3 + 8*v**2 - 30*v + 69. Determine m(5).
-6
Let q(d) = -3*d**2 - 59*d + 526. Give q(-26).
32
Let k(f) = 346*f - 11478. Calculate k(33).
-60
Let g(j) = -2*j**3 - 2*